+ 6*l**2 - 7*l. Let g be p(-7). Let s(f) = 0*f**2 - 8*f**2 + g*f**3 - 5 + 2*f + 0*f**3 + f**3. Is s(8) a prime number?
True
Suppose -k - 3*k + 28 = 0. Let t(q) = 3*q**2 + 3*q - 7. Is t(k) composite?
True
Let h(t) = 10*t + 0 + 1 - 2. Is h(2) prime?
True
Let d be (-12)/(-90) + 8036/30. Suppose -4*t + d = -800. Is t a prime number?
False
Suppose 0 = 3*s - 0*l - 4*l - 234, 4*s - 5*l - 311 = 0. Is s a composite number?
True
Let p(b) = b**2 + 6*b - 7. Let c be p(-6). Let y = c - -2. Is ((-2)/6)/(y/285) prime?
True
Suppose 0 = 5*b - 241 - 394. Let n = b - 74. Is n a composite number?
False
Let g(b) = -50*b - 4. Let i be g(3). Let z = -82 - i. Let a = 103 - z. Is a prime?
True
Suppose -4 = m + 3*h, -m + 4*h - h = -14. Suppose m*s + 321 = 3*l - 9, -s = 4*l - 440. Suppose -a + 5*b + 16 = 4*b, -5*a = b - l. Is a a prime number?
False
Suppose 26 = 4*d + d - p, 5*p = -d. Suppose 0*k - 274 = -4*k - d*y, 4*k - 282 = -y. Is k prime?
True
Let j(l) = -97*l**3 - 2*l**2 + 1. Let k be j(-1). Suppose -k = -g + h, -389 = -4*g + h - 2*h. Is g composite?
False
Let k be ((-579)/(-9))/((-1)/3). Let h = -133 - k. Let i = h + -41. Is i a composite number?
False
Let z = 12 + -10. Is (-1)/(-6)*z*57 a prime number?
True
Suppose -31*l + 11545 = -26*l. Is l a prime number?
True
Suppose 368 = 4*d + 4*f, 4*f - 279 = -2*d - d. Is d prime?
True
Suppose 2*s = 6 - 2. Suppose 5*c = s*c + 12. Suppose -c*p + 377 = 61. Is p a composite number?
False
Let z(m) be the first derivative of -17*m**3/3 + m**2 - m + 1. Let g be z(1). Let j = -6 - g. Is j composite?
True
Suppose -20 = -4*g - g. Is g/(-6) + (-420)/(-9) a composite number?
True
Suppose 5*u - 1540 = -5865. Let l = -492 - u. Is l a composite number?
False
Let h(i) = -309*i - 2. Is h(-1) composite?
False
Let o(b) = b**3 - 5*b**2 + 2. Let a be o(5). Is (38/8)/(a/56) a prime number?
False
Let y = 1787 - 132. Is y a prime number?
False
Let l be -1 + (5 - (-1)/(-1)). Suppose 3*p + l*y - 84 = 0, 23 = 4*p + 5*y - 91. Is p composite?
True
Suppose 0 = 5*k + 5*j - 7820, k + 5*j - 4694 = -2*k. Is k a prime number?
False
Suppose 5*k - y + 70 + 216 = 0, -4*y = 4*k + 224. Let d be 200/(-15) - 6 - 2/3. Let c = d - k. Is c a prime number?
True
Suppose f + 460 = -3*v, 4*v - 2*f + 600 = -0*f. Suppose 3*m + 2*u - 901 = -72, -4*m - 4*u + 1100 = 0. Let x = m + v. Is x a prime number?
True
Let f(p) = -p**2 - 1. Let l(m) = -5*m**2 - 95. Let k(b) = 4*f(b) - l(b). Let w(x) = -x. Let n be w(0). Is k(n) a prime number?
False
Let y(p) = -p + 1. Let v be y(1). Let f = 2 + v. Is 94/(-3)*(-9)/f prime?
False
Suppose 9*k - 810 = 5877. Is k composite?
False
Is 80 - (-4 - -13)/3 prime?
False
Is -10*((-1236)/8 + 1) prime?
False
Suppose 72 = g + 17. Let t = g + -32. Suppose 2*y = -5*q + 46, t = y - 0*q + 4*q. Is y prime?
True
Suppose 4*q = -724 - 1012. Let d = 63 - q. Is d prime?
False
Suppose 5*u = -4*x + 1445, 3*u - 13 - 2 = 0. Is x composite?
True
Let v(m) = 90*m**3 - 2*m + 3. Is v(2) a prime number?
True
Suppose -2*n + 3 = -n. Suppose q + u + 4 = -0*q, 2*q = -3*u - 12. Suppose -5*t + 32 = 2*l - l, -n*t - 2*l + 22 = q. Is t a prime number?
False
Suppose 0 = 3*o + 840 - 3315. Suppose 209 = m - 0*d - 3*d, -4*m + d = -o. Is m composite?
True
Let n(m) = -4*m + 3. Let j be n(3). Let d = j - -15. Let x(a) = -a**2 + 8*a - 1. Is x(d) composite?
False
Suppose -4*f + 4*p = -24, 5*p + 26 = -f + 5*f. Let h be (-26)/f*-2 - -2. Suppose -5*b + 31 = 3*n, 9 + h = 4*n - 2*b. Is n a prime number?
True
Let c(f) = 8*f - 7 + 5*f**2 - 7*f + 9*f + 3*f**3. Is c(7) a composite number?
True
Suppose 0 = -5*l + 3 + 7. Suppose 3*i + l*m = 27 + 82, 12 = -3*m. Is i a composite number?
True
Is 184/20*(8 - 3) a composite number?
True
Let h = 1255 - 368. Is h composite?
False
Suppose -205 = -g - 3*y, 2*y = -2*g + 222 + 188. Is g a composite number?
True
Is 1 + 1 + 68 - 3 prime?
True
Suppose -13*x + 1855 = -8*x. Is x a composite number?
True
Suppose 0 = -4*b - r + 9, 2*r + 4 = -2. Suppose 5*k + g - 6*g - 65 = 0, 0 = -4*k - b*g + 66. Let m = 134 - k. Is m prime?
False
Suppose -201 = -0*w - 3*w - l, 261 = 4*w - l. Suppose 2*a + w = 4*a. Is a a prime number?
False
Suppose -4*x - 2*i = i + 38, 42 = -4*x - i. Let g = 7 + x. Let y(p) = 2*p**2 + 3*p + 2. Is y(g) a composite number?
True
Let a(c) = 49*c**2 + 7*c - 5. Let s(l) = 49*l**2 + 6*l - 4. Let b(g) = -5*a(g) + 6*s(g). Let k be b(-2). Is ((-3)/(-9))/(1/k) prime?
False
Let r(k) = 12*k**3 - 5*k**2 + 31*k + 1. Is r(9) a composite number?
False
Suppose 7983 = -6*l + 15*l. Is l a composite number?
False
Let p(x) = x - 1. Let v be p(-3). Let t be (-7 + 3)*2/v. Let d(g) = 5*g**3 - g**2 + 1. Is d(t) composite?
False
Suppose 2*c + 5*a - 823 = 0, 6*c - 1230 = 3*c - 3*a. Let z = c + -252. Is z prime?
True
Let x(m) = -m**3 - 4*m**2 - 3*m - 3. Is x(-5) a prime number?
True
Suppose 0*o = -2*o + 70. Suppose -4*g + 273 + o = 0. Is g prime?
False
Suppose 0 = 4*a + 3*k - 491, -2*a + 605 = 3*a + 2*k. Is a a prime number?
False
Let n be (8/(-10))/((-2)/10). Suppose 4*h - 9*h + 925 = 0. Suppose -n*s + h = s. Is s composite?
False
Let n(o) = -2*o + 41. Is n(-6) composite?
False
Let t(j) = 53*j**2 - j + 9. Is t(-11) prime?
False
Let g be (3/(-1))/((-3)/4). Suppose 4*h + g*o = 8, 7*o - 3*o = -8. Is (5*-1)/((-2)/h) composite?
True
Let r(h) = -3*h + 2. Suppose 2*g + 2 = 0, -g = 2*v - 0*v - 23. Suppose 3*y + v = -0*y. Is r(y) prime?
False
Let f be -4*(2 - 183/12). Suppose -4*d - 5*z = -f, 2*z = -5*d + 77 - 32. Suppose -d = -2*w + 21. Is w a prime number?
False
Let q(a) = a**3 + a**2 + a + 5. Let r be q(0). Suppose 5*m - r*s = 0, 4*m + 5 = 5*s - 0*s. Suppose v + 320 = 3*v - m*z, -4*z = -v + 163. Is v composite?
True
Suppose 5*y - 14 = 4*b, y + 0*b = 2*b + 4. Suppose 3*j - 366 = -5*g + 172, j = -4*g + 429. Suppose -3*l - 4*w = -g, y*w = 4*l + 5*w - 145. Is l composite?
False
Let t(z) = z**3 - 6*z**2 + 2*z + 7. Is t(10) a prime number?
False
Suppose -3*s + 3*y = -7*s + 496, s + 2*y = 119. Suppose -3 = 3*v - 5*d, 23 = 5*v + 5*d - 4*d. Suppose s - 339 = -v*a. Is a a composite number?
False
Let m = 461 - -112. Is m composite?
True
Suppose -3*x + 159 = -0*x - 3*w, 5*x + 4*w = 220. Suppose 2*p = -2*y + x, -2*y - 2*y + 94 = 2*p. Is y a prime number?
True
Let u = 7 - 5. Is (-2 - 4)/u - -82 composite?
False
Let f be (0 - 9/(-12))*8. Let v be (-35)/(((-10)/f)/(-5)). Let k = 174 + v. Is k prime?
False
Let w = 265 - 69. Suppose -w = -2*t + 5*h, t - 5*h + 319 = 4*t. Is t a prime number?
True
Suppose -3*v = -2*c - 41, -53 = -5*v + 2*v - 4*c. Let r = 11 - v. Is -30*2*1/r a prime number?
False
Suppose t = -3 + 6. Suppose -4*d - 4*v = -297 - 71, -4*v + 271 = t*d. Is d a composite number?
False
Suppose 183 = 5*v - 3*y - 765, -4*y = 3*v - 563. Suppose -2*t = f - v, 0 = -3*t - 3. Is f a composite number?
False
Suppose 0 + 110 = p. Suppose 3*m - 151 - p = 0. Is m a prime number?
False
Let b be (-1)/2 + 2/4. Suppose b = -0*h + 4*h - 360. Suppose 3*j - 159 = h. Is j prime?
True
Is 1 + ((-6)/(-3) - -290) a prime number?
True
Suppose 0 = 4*x - 6 - 14. Suppose q - 84 = z + 67, -x*q + 171 = -z. Let p = z + 205. Is p a prime number?
True
Suppose -20 = -4*a - a. Suppose a*n + 5 = 113. Suppose -6*d = -d + x - 71, d - 3*x = n. Is d a prime number?
False
Suppose -3*o - 4*q = -17, 0*o - 2*q = -2*o + 2. Suppose -o*p + 2*j + 669 = 0, -2*p = -4*p - 2*j + 446. Is p composite?
False
Let p = -95 + 148. Is p composite?
False
Let t(x) = 82*x + 113. Is t(15) a composite number?
True
Let g(x) = 37*x + 11. Let f(l) = -18*l - 5. Let w(q) = -13*f(q) - 6*g(q). Is w(4) a prime number?
True
Let u(k) = 171*k - 5. Suppose 6*o = 3*o + 12. Is u(o) prime?
False
Let j(n) = 85*n + 4 - 4. Let i be -2 - (-5 - -1) - 1. Is j(i) composite?
True
Suppose 0*l - 3*l + 196 = 2*f, 2*f = 3*l - 176. Is l prime?
False
Let d(i) = -i**2 + 20*i + 6. Let j be d(9). Suppose 5*m - 42 = -4*y, m + 2*m = 2*y - 10. Suppose -y*b = -3*b - j. Is b prime?
False
Let s = 221 + 500. Is s composite?
True
Let l(g) = 3*g**2 + 7*g - 1. Let j be 8/(-16) - (-26)/4. Is l(j) a prime number?
True
Let o(c) = -4 + 2 - 5*c - c + 3. Suppose 4*p - 3*p = -1. Is o(p) composite?
False
Suppose 4*h = 2*w - 3*w + 797, 3*w = 5*h + 2374. Is w prime?
False
Let j = 4 - 4. Suppose 6 = -2*l, 5*s + 5*l - 37 - 383 = j. Is s composite?
True
Let a be 4/2 + 2*3. Let u be (1 + -17)*a/(-16). Su